*f + 1015*f - 288 - 60*f**2 - f**3 + 76. Calculate o(-67).
-11
Suppose -3 = -4*j + 3*j - 2*j. Let n(u) = -u**3 + 6*u - 6. Give n(j).
-1
Let a(r) = -61*r + 8. Suppose -819*p + 16 = -817*p + 3*s, 20 = 5*s. Calculate a(p).
-114
Let t(u) = -u**2 + 3*u + 63. Suppose 10*z - 11*z = 2, -3*a + 3*z - 15 = 0. Let m be t(a). Let y(q) = 5*q. Calculate y(m).
-35
Suppose u + 5 = 3*d, d + 25 = 8*u - 4. Let f(n) = -5*n**2 + 12*n + 5. What is f(d)?
-4
Let z = 2658 - 2664. Let w(l) = 8*l + 1. Determine w(z).
-47
Let s(f) = -32*f + 251. Let v be s(8). Let c(j) = 6*j + 34. Give c(v).
4
Let u(p) be the third derivative of -p**4/12 + 53*p**3/3 - 3*p**2 + 770. What is u(50)?
6
Let t(u) = -u**2 + 3*u + 7. Suppose c + 4 = 4*x, c + 4*c + x + 83 = 0. Let r(g) = -g**3 - 15*g**2 + 20*g + 69. Let d be r(c). Determine t(d).
-3
Suppose 0 = 3*b + 2*r + r - 447, -304 = -2*b - 5*r. Let h = -151 + b. Let y(j) = j**3 + 3*j**2 - 4*j - 2. What is y(h)?
-2
Let k(h) = -26*h - 138 - 148 + 292 + 20*h. Determine k(-5).
36
Let y(c) = 4*c - 2 + 0*c - 3 - 2*c + 3*c + c**2. Let k = 3 - 4. Let j be k/2 - 44/8. Give y(j).
1
Let k(u) = -u**3 + 32*u**2 + 32*u + 20. Suppose 558*p + 561 = 575*p. Give k(p).
-13
Suppose 17 = -6*b + 29. Let p(a) = -b - 5 + 10 - a**2 + 14. Determine p(0).
17
Let t(q) = q**3 + 4*q**2 - 7*q - 10. Let k = -77 - -66. Let n be (k + -1 + 7)*1. What is t(n)?
0
Let x(u) be the first derivative of -u**3/3 - 3*u**2 - 7*u + 2. Suppose -5*v - 4*l + 62 = 0, 4*v - 35 = 2*v - 5*l. Suppose v*c = -2 - 48. Give x(c).
-2
Let r(v) = 7*v. Let h be r(6). Suppose -10*l - 4*l + h = 0. Let d(z) = -l*z + 13*z - 8*z. Calculate d(3).
6
Let k(h) = -4*h**2 + 5. Suppose -3*m + 24*m = 11*m - 20. Determine k(m).
-11
Let d(i) = -39*i**3 + 5*i**2 - i + 7. Let t(j) = 408*j**3 - 51*j**2 + 12*j - 72. Let h(g) = 21*d(g) + 2*t(g). Let q = 1 + -3. Calculate h(q).
33
Suppose -3*j + 16 = u - 0*u, -2*j = -2*u. Suppose -280 - 128 = -51*h. Let y(r) = 12*r**2 + 0*r + 3*r**3 + 3*r - u*r**3 - 6 - h*r**2. Give y(4).
6
Let l(m) = 6*m + 3. Let s = 111 - 140. Suppose -d + 5*r = 57, 0*d - r = 4*d + 123. Let k = d - s. What is l(k)?
-15
Let w(t) = -3*t + 15. Let l be w(5). Suppose 2*f - o - 8 = 3*o, -5*f - 4*o + 34 = l. Let g(x) = 2*x - 9. What is g(f)?
3
Suppose -15*s + 36 = -21*s. Let n(y) = 46*y - 77*y + 34*y - 5. Give n(s).
-23
Let q(g) = -5*g - 50. Let c be 5 - 17/((-51)/(-42)). Calculate q(c).
-5
Suppose 2*a + n - 2*n + 1 = 0, 0 = -2*a - n + 9. Let v(c) = 152*c**3 + c**2 + 1 - 51*c**3 - 44*c**3 - 2*c - 58*c**3. What is v(a)?
-7
Suppose 0 = 40*r - 32 + 112. Let k(h) = 31*h**2 + 3*h + 1. Determine k(r).
119
Let q(m) = -m - 19. Let l(v) = -v**3 + 7*v**2 + 21*v + 74. Let j be l(10). Determine q(j).
-3
Let l be 1 - (-5 + (-5)/5 + (2 - 25)). Let j(q) = q**3 - 29*q**2 - 29*q - 25. Give j(l).
5
Let q(w) = -31*w**3 - w**2 + w. Let i = 9872 + -9871. Calculate q(i).
-31
Let i(f) = -4*f**2 - f - 1. Let l be (-1)/(27/15 - (1 - -1)). Suppose -l*a = -6*a + 12. Suppose 8*c - 3*c - 2*s - 12 = 0, 4*s + a = 4*c. Calculate i(c).
-19
Let r(v) = 227*v - 94. Let g(s) = 575*s - 187. Let m(d) = 2*g(d) - 5*r(d). Calculate m(-6).
6
Let z(t) = -t**3 - 11*t**2 - 16*t + 3. Suppose 6*i + 7399 - 7351 = 0. What is z(i)?
-61
Let l(n) = 978*n**2 - 464*n**2 - 515*n**2 - 52. Give l(0).
-52
Suppose -5*o = -2*d + 9, -3*d - 21 = 23*o - 19*o. Let l(r) = 33*r + 102. Determine l(d).
3
Suppose 0 = l + 4*q - 19, 28*l - 3*q - 16 = 26*l. Let z(y) = -6*y + 53. Determine z(l).
-13
Let q(i) = -i**3 - 9*i**2 - 9*i - 9. Let k = -173 - -205. Suppose 0 = -k*l + 35*l + 24. Determine q(l).
-1
Let y(b) = -9*b - 35. Let u = -438 - -435. Calculate y(u).
-8
Let d(o) = -o**3 - 4*o**2 + 6*o + 1. Suppose 3*g - 5*b = -2*b + 6, -2*b = 2*g. Let k = -6 + g. Calculate d(k).
-4
Let a(q) be the second derivative of -q**3/3 + 3*q**2 - q. Let l be a(6). Let n(k) be the second derivative of -2*k**3/3 - 9*k**2/2 + 153*k. Calculate n(l).
15
Let l be 6/2 + -2 + (-96)/(-2). Let h(c) = 2*c - 5. Let b(i) = 21*i - 49. Let p(m) = l*h(m) - 5*b(m). Determine p(2).
-14
Suppose -2*c + 16 = -u, 4*u - 3*c - 9 = -58. Let q(n) be the second derivative of 1/20*n**5 + 0 + 11/12*n**4 + 3/2*n**3 - 6*n**2 + 27*n. Give q(u).
-2
Let r(g) = -g**2 + 27*g + 92. Suppose -226 - 1269 = -49*m - 25. Calculate r(m).
2
Let n = 1930 + -1940. Let b(z) = -z**3 - 9*z**2 + 10*z + 1. Determine b(n).
1
Let t = 2364 + -2370. Let a(p) = p**2 + 8*p + 11. What is a(t)?
-1
Let g(t) = 30 - 14 - 6 - 8. Let f(a) = -a + 6. Let h(r) = 2*f(r) - 9*g(r). Calculate h(6).
-18
Let d(i) = -25 - 26 + 50. Let r(s) = -2*s**2 - 4*s - 5. Let x(w) = -6*d(w) + r(w). What is x(-3)?
-5
Let h(g) be the first derivative of g**4/4 - g**3/3 + g**2/2 - 10*g + 10344. Let c = -5 - -5. Give h(c).
-10
Let d(n) be the second derivative of -1/12*n**4 - n - 3/2*n**2 - 22 - n**3. Let c(s) = -5*s. Let q be c(1). Give d(q).
2
Let i = 917 - 874. Let d(h) = 2*h - 85. What is d(i)?
1
Let t(j) = 152 + 12*j + 122 + j**2 + 148 + 0*j - 387. Give t(-9).
8
Suppose 21*r = 8*r - 13. Let b(j) be the third derivative of j**6/20 - j**5/60 + j**3/6 + 4*j**2. What is b(r)?
-6
Let z be 0/(798/(-285) - 1/5). Let d(b) be the third derivative of 14*b**2 + 0 + z*b + 1/6*b**4 + 1/6*b**3. Determine d(1).
5
Let v(a) = -516*a + 8. Let h(j) = 590*j - 10. Let u(i) = -7*h(i) - 8*v(i). Suppose m - 20 = -4*m. What is u(m)?
-2
Let w = 11712 - 11746. Let t(q) = 3*q + 101. Determine t(w).
-1
Suppose 28 = 6*g + g. Let b(l) = 409*l**3 - g*l**2 + 413*l**3 - 821*l**3 - 3*l + 3. Calculate b(5).
13
Let q = -821 + 844. Let s(f) = -187*f - q - 6 + 4 - 2 + 182*f. Calculate s(-5).
-2
Let l(m) = -m**2 - m + 1. Let y(k) = 12*k**2 + 8*k - 10. Let r(d) = -4*l(d) - y(d). Let f(h) = -h**2 - h + 1. Let j(x) = -4*f(x) + r(x). Calculate j(-2).
-14
Suppose -2*r - 68 = 5*f, 3*f = 4*r - r - 24. Let g be (16/20)/(3 + 58/(-20)). Let q be (18/f)/(3/g). Let m(a) = -a - 5. Calculate m(q).
-1
Suppose -56*o + 15*o = -246. Let t(f) = -33*f + 3 - 33*f + f**3 + 58*f - 5*f**2. Give t(o).
-9
Let u(d) be the first derivative of -d**3/3 + d**2 + 893. Suppose -12 = -3*c - b, -4*c + b + 29 = 6. Calculate u(c).
-15
Let m(r) be the second derivative of -1/20*r**5 + 0 - 11/6*r**3 + 5*r**2 + 2*r - 11/12*r**4. Calculate m(-10).
20
Let d(q) = -q**3 + 5*q**2 - 13*q + 9. Let u(s) = -s**3 + 8*s**2 - 15*s + 9. Let p(c) = 5*d(c) - 4*u(c). What is p(-5)?
-16
Let b = 114 - 109. Suppose b*d = 4*h + d, 3*h + 5*d - 24 = 0. Let i(j) = 2*j**3 - 2*j**2 - 4*j - 1. Calculate i(h).
23
Let q be 6*6/(-6) - (-2 + 1). Let j(s) = -s**2 - 6*s - 7. Let r be j(q). Let b(h) = h**3 - 2*h**2. Calculate b(r).
-16
Let p(q) = q - 2. Suppose 5*b - 37 = -2*y, 0 = 4*b - 6 + 2. Suppose -3*t = 6*i - 10*i - 28, -5*i = t + y. What is p(i)?
-6
Let m(r) = -3*r**3 + 2*r**2 - 3*r - 33. Let x(q) = -4*q**3 + 2*q**2 - 3*q - 39. Let a(k) = 6*m(k) - 5*x(k). Give a(-1).
0
Let u(h) be the third derivative of -7*h**4/24 - 5*h**3/6 - 2*h**2. Let b(n) = -464*n + 6956. Let l be b(15). Calculate u(l).
23
Suppose -g = 32*g - 24156. Suppose -738*s = -g*s + 12. Let a(n) = n**2 - 4*n - 2. Let p(t) = -2*t**2 + 7*t + 4. Let o(y) = -5*a(y) - 3*p(y). What is o(s)?
4
Let l(p) = -2*p**2 - 18*p + 334. Let y be l(-18). Let d(n) = n**2 - 13*n + 21. Calculate d(y).
-9
Let y be (-2)/(-4) + 113/2. Let i(q) = 35*q - 338. Let t be i(8). Let a = t + y. Let g(w) = -8*w**3 - w**2 - 2*w - 1. Determine g(a).
8
Let a = 5140 + -5118. Let i(o) = 7*o - 160. Calculate i(a).
-6
Suppose t - 2*g + 6 = 0, 0 = t + g + g - 14. Let m(n) = -1. Let h = 45 + -50. Let k(j) = j - 2. Let s(d) = h*m(d) + 2*k(d). What is s(t)?
9
Let z be (-16)/(-2)*(6 + -9). Let w(m) = -2*m**2 - 50*m - 34. Calculate w(z).
14
Let p(a) = -a**3 - 13*a**2 - 12*a + 3. Suppose -10*g + 118 + 142 = 0. Suppose -3*d = i + g + 13, -5*d + 2*i - 54 = 0. Give p(d).
3
Let c(x) = -5*x**3 - 6*x**2 + 19*x - 11. Let o(k) = k**3 - k**2 - 3*k + 1. Suppose -13*v + 55 = 42. Let f(y) = v*c(y) + 6*o(y). What is f(12)?
7
Let f(t) = 11*t + 2. Suppose -183*a + 77 = -194*a. Calculate f(a).
-75
Let g(c) be the first derivative of -8 - 9/2*c**2 - c + 1/3*c**3. Let i = 36 + -28. Give g(i).
-9
Let w(g) = g**2 - 3*g - 6. Let v(t) be the first derivative of 0*t + 30 + 1/2*t**2 + 1/3*t**3. Let q(i) = -2*v(i) + w(i). Determine q(-6).
-12
Let x be 3/(-2)*4480/672. Let c(i) = 2 + 0*i - 